{"id":120,"date":"2024-03-22T16:55:58","date_gmt":"2024-03-22T16:55:58","guid":{"rendered":"https:\/\/neurologiefrechen.de\/?page_id=120"},"modified":"2026-03-18T07:24:42","modified_gmt":"2026-03-18T07:24:42","slug":"kontakt-2","status":"publish","type":"page","link":"https:\/\/neuropraxisfrechen.de\/index.php\/kontakt-2\/","title":{"rendered":"Kontakt"},"content":{"rendered":"\n<p>Blindgasse 8<br>50226 Frechen<br>Telefon: <mark style=\"background-color:rgba(0, 0, 0, 0)\" class=\"has-inline-color has-ast-global-color-0-color\">02234 955830<\/mark><br>Fax: 02234 955838<br><br>Wir sind <\/p>\n\n\n\n<p><strong>Montag von 08:00 &#8211; 17:00 Uhr<\/strong><\/p>\n\n\n\n<p><strong>Dienstag von 08:00 -18:00 Uhr<\/strong> <\/p>\n\n\n\n<p><strong>Mittwoch von 08:00 &#8211; 15:00 Uhr und von 15:00-17:00 Uhr nach Vereinbarung<\/strong><\/p>\n\n\n\n<p><strong>Donnerstag von 08:00 Uhr &#8211; 17:00 Uhr <\/strong><\/p>\n\n\n\n<p><strong>Freitag von 08:00 Uhr bis 16:00 Uhr<\/strong> <br>durchgehend pers\u00f6nlich f\u00fcr Sie da.<\/p>\n\n\n\n<p><strong><mark style=\"background-color:#0693e3;color:#ffffff\" class=\"has-inline-color\">Blutabnahme : Dienstag und Freitags zwischen 8:00 &#8211; 8:45 Uhr<\/mark><\/strong><\/p>\n\n\n\n<p><br>Rezepte, \u00dcberweisungen, Verordnungen o.\u00e4. k\u00f6nnen jederzeit auch ohne Voranmeldung umgehend bei uns vor Ort ausgestellt werden.<\/p>\n\n\n\n<p><strong><mark style=\"background-color:rgba(0, 0, 0, 0)\" class=\"has-inline-color has-ast-global-color-0-color\">\u00dcber den <em>medflex-Messenger<\/em><\/mark><\/strong> <strong><mark style=\"background-color:rgba(0, 0, 0, 0)\" class=\"has-inline-color has-ast-global-color-0-color\">sind wir noch besser f\u00fcr Sie erreichbar<\/mark><\/strong>:<br><a href=\"https:\/\/arzt.medflex.de\/kontakt\/neurologie-psychiatrie\/frechen\/nervenaerztliche-gemeinschaftspraxis-frechen\/9yb5so\">https:\/\/arzt.medflex.de\/kontakt\/neurologie-psychiatrie\/frechen\/nervenaerztliche-gemeinschaftspraxis-frechen\/9yb5so<\/a><br><\/p>\n\n\n\t\t<div id=\"wpmapblock_83f443b8\" data-settings='{&quot;map_marker&quot;:[{&quot;lat&quot;:&quot;50.9092841&quot;,&quot;lng&quot;:&quot;6.800876416752578&quot;,&quot;title&quot;:&quot;Nerven\\u00e4rztliche Gemeinschaftspraxis&quot;,&quot;content&quot;:&quot;&quot;,&quot;iconType&quot;:&quot;default&quot;,&quot;customIconUrl&quot;:&quot;&quot;,&quot;customIconWidth&quot;:&quot;25&quot;,&quot;customIconHeight&quot;:&quot;40&quot;}],&quot;map_zoom&quot;:10,&quot;scroll_wheel_zoom&quot;:false,&quot;map_type&quot;:&quot;GM&quot;,&quot;center_index&quot;:0}' class=\"wpmapblockrender\" style=\"\n\t\t\twidth: 59%;\n\t\t\theight: 500px;\n\t\t\"><\/div>\n        \n\n\n<p><\/p>\n\n\n\n<div style=\"height:100px\" aria-hidden=\"true\" class=\"wp-block-spacer\"><\/div>\n\n\n\n<p><\/p>\n\n\n\n<p><\/p>\n\n\n\n<p><\/p>\n","protected":false},"excerpt":{"rendered":"<p>Blindgasse 850226 FrechenTelefon: 02234 955830Fax: 02234 955838 Wir sind Montag von 08:00 &#8211; 17:00 Uhr Dienstag von 08:00 -18:00 Uhr Mittwoch von 08:00 &#8211; 15:00 Uhr und von 15:00-17:00 Uhr nach Vereinbarung Donnerstag von 08:00 Uhr &#8211; 17:00 Uhr Freitag von 08:00 Uhr bis 16:00 Uhr durchgehend pers\u00f6nlich f\u00fcr Sie da. Blutabnahme : Dienstag und &hellip;<\/p>\n<p class=\"read-more\"> <a class=\"\" href=\"https:\/\/neuropraxisfrechen.de\/index.php\/kontakt-2\/\"> <span class=\"screen-reader-text\">Kontakt<\/span> Weiterlesen &raquo;<\/a><\/p>\n","protected":false},"author":3,"featured_media":0,"parent":0,"menu_order":0,"comment_status":"closed","ping_status":"closed","template":"","meta":{"site-sidebar-layout":"default","site-content-layout":"default","ast-global-header-display":"","ast-banner-title-visibility":"","ast-main-header-display":"","ast-hfb-above-header-display":"","ast-hfb-below-header-display":"","ast-hfb-mobile-header-display":"","site-post-title":"","ast-breadcrumbs-content":"","ast-featured-img":"","footer-sml-layout":"","theme-transparent-header-meta":"","adv-header-id-meta":"","stick-header-meta":"","header-above-stick-meta":"","header-main-stick-meta":"","header-below-stick-meta":"","footnotes":""},"class_list":["post-120","page","type-page","status-publish","hentry"],"_links":{"self":[{"href":"https:\/\/neuropraxisfrechen.de\/index.php\/wp-json\/wp\/v2\/pages\/120","targetHints":{"allow":["GET"]}}],"collection":[{"href":"https:\/\/neuropraxisfrechen.de\/index.php\/wp-json\/wp\/v2\/pages"}],"about":[{"href":"https:\/\/neuropraxisfrechen.de\/index.php\/wp-json\/wp\/v2\/types\/page"}],"author":[{"embeddable":true,"href":"https:\/\/neuropraxisfrechen.de\/index.php\/wp-json\/wp\/v2\/users\/3"}],"replies":[{"embeddable":true,"href":"https:\/\/neuropraxisfrechen.de\/index.php\/wp-json\/wp\/v2\/comments?post=120"}],"version-history":[{"count":13,"href":"https:\/\/neuropraxisfrechen.de\/index.php\/wp-json\/wp\/v2\/pages\/120\/revisions"}],"predecessor-version":[{"id":488,"href":"https:\/\/neuropraxisfrechen.de\/index.php\/wp-json\/wp\/v2\/pages\/120\/revisions\/488"}],"wp:attachment":[{"href":"https:\/\/neuropraxisfrechen.de\/index.php\/wp-json\/wp\/v2\/media?parent=120"}],"curies":[{"name":"wp","href":"https:\/\/api.w.org\/{rel}","templated":true}]}}

<p>Blindgasse 8<br>50226 Frechen<br>Telefon: <mark style="background-color:rgba(0, 0, 0, 0)" class="has-inline-color has-ast-global-color-0-color">02234 955830</mark><br>Fax: 02234 955838<br><br>Wir sind </p>



<p><strong>Montag von 08:00 &#8211; 17:00 Uhr</strong></p>



<p><strong>Dienstag von 08:00 -18:00 Uhr</strong> </p>



<p><strong>Mittwoch von 08:00 &#8211; 15:00 Uhr und von 15:00-17:00 Uhr nach Vereinbarung</strong></p>



<p><strong>Donnerstag von 08:00 Uhr &#8211; 17:00 Uhr </strong></p>



<p><strong>Freitag von 08:00 Uhr bis 16:00 Uhr</strong> <br>durchgehend persönlich für Sie da.</p>



<p><strong><mark style="background-color:#0693e3;color:#ffffff" class="has-inline-color">Blutabnahme : Dienstag und Freitags zwischen 8:00 &#8211; 8:45 Uhr</mark></strong></p>



<p><br>Rezepte, Überweisungen, Verordnungen o.ä. können jederzeit auch ohne Voranmeldung umgehend bei uns vor Ort ausgestellt werden.</p>



<p><strong><mark style="background-color:rgba(0, 0, 0, 0)" class="has-inline-color has-ast-global-color-0-color">Über den <em>medflex-Messenger</em></mark></strong> <strong><mark style="background-color:rgba(0, 0, 0, 0)" class="has-inline-color has-ast-global-color-0-color">sind wir noch besser für Sie erreichbar</mark></strong>:<br><a href="https://arzt.medflex.de/kontakt/neurologie-psychiatrie/frechen/nervenaerztliche-gemeinschaftspraxis-frechen/9yb5so">https://arzt.medflex.de/kontakt/neurologie-psychiatrie/frechen/nervenaerztliche-gemeinschaftspraxis-frechen/9yb5so</a><br></p>


		<div id="wpmapblock_83f443b8" data-settings='{&quot;map_marker&quot;:[{&quot;lat&quot;:&quot;50.9092841&quot;,&quot;lng&quot;:&quot;6.800876416752578&quot;,&quot;title&quot;:&quot;Nerven\u00e4rztliche Gemeinschaftspraxis&quot;,&quot;content&quot;:&quot;&quot;,&quot;iconType&quot;:&quot;default&quot;,&quot;customIconUrl&quot;:&quot;&quot;,&quot;customIconWidth&quot;:&quot;25&quot;,&quot;customIconHeight&quot;:&quot;40&quot;}],&quot;map_zoom&quot;:10,&quot;scroll_wheel_zoom&quot;:false,&quot;map_type&quot;:&quot;GM&quot;,&quot;center_index&quot;:0}' class="wpmapblockrender" style="
			width: 59%;
			height: 500px;
		"></div>
        


<p></p>



<div style="height:100px" aria-hidden="true" class="wp-block-spacer"></div>



<p></p>



<p></p>



<p></p>

<p>Blindgasse 850226 FrechenTelefon: 02234 955830Fax: 02234 955838 Wir sind Montag von 08:00 &#8211; 17:00 Uhr Dienstag von 08:00 -18:00 Uhr Mittwoch von 08:00 &#8211; 15:00 Uhr und von 15:00-17:00 Uhr nach Vereinbarung Donnerstag von 08:00 Uhr &#8211; 17:00 Uhr Freitag von 08:00 Uhr bis 16:00 Uhr durchgehend persönlich für Sie da. Blutabnahme : Dienstag und &hellip;</p>
<p class="read-more"> <a class="" href="https://neuropraxisfrechen.de/index.php/kontakt-2/"> <span class="screen-reader-text">Kontakt</span> Weiterlesen &raquo;</a></p>
