{"id":24,"date":"2023-02-21T20:45:14","date_gmt":"2023-02-21T20:45:14","guid":{"rendered":"https:\/\/neurologiefrechen.de\/?page_id=24"},"modified":"2026-03-19T12:47:10","modified_gmt":"2026-03-19T12:47:10","slug":"home-2","status":"publish","type":"page","link":"https:\/\/neuropraxisfrechen.de\/","title":{"rendered":"Home"},"content":{"rendered":"\n<div class=\"wp-block-columns is-layout-flex wp-container-core-columns-is-layout-28f84493 wp-block-columns-is-layout-flex\">\n<div class=\"wp-block-column is-layout-flow wp-block-column-is-layout-flow\" style=\"border-right-width:2px;border-left-width:2px;padding-top:var(--wp--preset--spacing--20);padding-right:var(--wp--preset--spacing--20);padding-bottom:var(--wp--preset--spacing--20);padding-left:var(--wp--preset--spacing--20);flex-basis:70%\">\n<h2 class=\"wp-block-heading has-vivid-cyan-blue-color has-text-color\"><strong>Nerven\u00e4rztliche<br>Gemeinschaftspraxis<\/strong><\/h2>\n<\/div>\n\n\n\n<div class=\"wp-block-column is-layout-flow wp-block-column-is-layout-flow\" style=\"flex-basis:30%\">\n<h2 class=\"wp-block-heading has-ast-global-color-3-color has-text-color\"><br>Frechen<\/h2>\n<\/div>\n<\/div>\n\n\n<p>\n\n\n<p class=\"has-text-align-center has-vivid-red-color has-white-background-color has-text-color has-background has-link-color has-medium-font-size wp-elements-6265fdc9dc31b3a1da7bb049c3008e16\" style=\"margin-top:0;margin-right:var(--wp--preset--spacing--50);margin-bottom:0;margin-left:var(--wp--preset--spacing--50)\"><strong>Herzlich Willkommen auf der Homepage der nerven\u00e4rztlichen Gemeinschaftspraxis Frechen<\/strong><\/p>\n\n\n\n<div style=\"height:100px\" aria-hidden=\"true\" class=\"wp-block-spacer\"><\/div>\n\n\n\n<p><\/p>\n\n\n\n<p class=\"has-black-color has-text-color has-link-color has-medium-font-size wp-elements-058bc26786cc9058fe708dfeb54aa856\">Wir haben Ihnen auf unserer Website interessante und wichtige Informationen zusammengefasst, damit Sie sich ein Bild von unserer Praxis machen und sich vorab \u00fcber unsere vielf\u00e4ltige Arbeit informieren k\u00f6nnen. <br><\/p>\n\n\n\n<div style=\"height:100px\" aria-hidden=\"true\" class=\"wp-block-spacer\"><\/div>\n\n\n\n<p class=\"has-black-color has-text-color has-link-color has-medium-font-size wp-elements-f912017222056ded82d9aefd030a4313\">Unser \u00c4rzte-Team besteht aus Fach\u00e4rzten f\u00fcr Neurologie, Psychiatrie und physikalische und rehabilitative Medizin im Gro\u00dfraum Frechen:<br><\/p>\n\n\n\n<div class=\"wp-block-buttons is-content-justification-center is-layout-flex wp-container-core-buttons-is-layout-a89b3969 wp-block-buttons-is-layout-flex\">\n<div class=\"wp-block-button has-custom-width wp-block-button__width-50 is-style-outline is-style-outline--1\"><a class=\"wp-block-button__link has-black-color has-vivid-cyan-blue-background-color has-text-color has-background has-link-color has-medium-font-size has-custom-font-size wp-element-button\" href=\"https:\/\/neurologiefrechen.de\/index.php\/neurologie\/\" style=\"border-width:2px\">Neurologie<\/a><\/div>\n<\/div>\n\n\n\n<p><\/p>\n\n\n\n<div class=\"wp-block-buttons is-content-justification-center is-layout-flex wp-container-core-buttons-is-layout-a89b3969 wp-block-buttons-is-layout-flex\">\n<div class=\"wp-block-button has-custom-width wp-block-button__width-50 is-style-outline is-style-outline--2\"><a class=\"wp-block-button__link has-black-color has-vivid-cyan-blue-background-color has-text-color has-background has-link-color wp-element-button\" href=\"https:\/\/neurologiefrechen.de\/index.php\/psychiatrie\/\" style=\"border-width:2px\">Psychiatrie<\/a><\/div>\n<\/div>\n\n\n\n<p><\/p>\n\n\n\n<div class=\"wp-block-buttons is-content-justification-center is-layout-flex wp-container-core-buttons-is-layout-a89b3969 wp-block-buttons-is-layout-flex\">\n<div class=\"wp-block-button has-custom-width wp-block-button__width-50 is-style-outline is-style-outline--3\"><a class=\"wp-block-button__link has-black-color has-vivid-cyan-blue-background-color has-text-color has-background has-link-color has-medium-font-size has-custom-font-size wp-element-button\" href=\"https:\/\/neurologiefrechen.de\/index.php\/physikalische-und-rehabilitative-medizin\/\" style=\"border-width:2px\">Physikalische und Rehabilitative Medizin<\/a><\/div>\n<\/div>\n\n\n\n<div style=\"height:100px\" aria-hidden=\"true\" class=\"wp-block-spacer\"><\/div>\n\n\n\n<hr class=\"wp-block-separator has-alpha-channel-opacity is-style-wide\"\/>\n\n\n\n<div style=\"height:100px\" aria-hidden=\"true\" class=\"wp-block-spacer\"><\/div>\n\n\n\n<p class=\"has-medium-font-size\"><strong>Adresse:<\/strong><br>Nerven\u00e4rztliche Gemeinschaftspraxis Frechen<br>Blindgasse 8<br>50226 Frechen<br>Telefon: <a href=\"tel:+492234955830\" data-type=\"tel\" data-id=\"tel:+492234955830\">02234 955830<\/a><br>Fax: 02234 955838<\/p>\n\n\n\n<p><strong>KIM  Adresse (nur f\u00fcr \u00c4rzte und Apotheker): neuropraxis50226@tm.kim.telematik<\/strong><\/p>\n\n\n\n<div style=\"height:100px\" aria-hidden=\"true\" class=\"wp-block-spacer\"><\/div>\n\n\n\t\t<div id=\"wpmapblock_c52b7a91\" data-settings='{&quot;map_marker&quot;:[{&quot;lat&quot;:&quot;50.9092841&quot;,&quot;lng&quot;:&quot;6.800876416752578&quot;,&quot;title&quot;:&quot;Nerven\\u00e4rztliche Gemeinschaftspraxis&quot;,&quot;content&quot;:&quot;&quot;,&quot;iconType&quot;:&quot;default&quot;,&quot;customIconUrl&quot;:&quot;&quot;,&quot;customIconWidth&quot;:&quot;25&quot;,&quot;customIconHeight&quot;:&quot;40&quot;}],&quot;map_zoom&quot;:10,&quot;scroll_wheel_zoom&quot;:false,&quot;map_type&quot;:&quot;GM&quot;,&quot;center_index&quot;:0}' class=\"wpmapblockrender\" style=\"\n\t\t\twidth: 100%;\n\t\t\theight: 500px;\n\t\t\"><\/div>\n        \n\n\n<p><\/p>\n\n\n\n<div style=\"height:100px\" aria-hidden=\"true\" class=\"wp-block-spacer\"><\/div>\n\n\n\n<p><br>Sollten Sie ein Rezept ben\u00f6tigen oder m\u00f6chten Sie ein Termin vereinbaren\/absagen, k\u00f6nnen Sie uns gerne \u00fcber <a href=\"https:\/\/arzt.medflex.de\/kontakt\/neurologie-psychiatrie\/frechen\/nervenaerztliche-gemeinschaftspraxis-frechen\/9yb5so\" target=\"_blank\" rel=\"noreferrer noopener\">https:\/\/arzt.medflex.de\/kontakt\/neurologie-psychiatrie\/frechen\/nervenaerztliche-gemeinschaftspraxis-frechen\/9yb5so<\/a> eine Anfrage schicken.<br><em><strong>Bitte beachten Sie, dass die Ausstellung eines Rezeptes nur erfolgen kann, wenn bereits im laufenden Quartal<br>die Versichertenkarte bei uns in der Praxis eingelesen wurde.<\/strong><\/em><br><\/p>\n","protected":false},"excerpt":{"rendered":"<p>Nerven\u00e4rztlicheGemeinschaftspraxis Frechen Herzlich Willkommen auf der Homepage der nerven\u00e4rztlichen Gemeinschaftspraxis Frechen Wir haben Ihnen auf unserer Website interessante und wichtige Informationen zusammengefasst, damit Sie sich ein Bild von unserer Praxis machen und sich vorab \u00fcber unsere vielf\u00e4ltige Arbeit informieren k\u00f6nnen. Unser \u00c4rzte-Team besteht aus Fach\u00e4rzten f\u00fcr Neurologie, Psychiatrie und physikalische und rehabilitative Medizin im Gro\u00dfraum &hellip;<\/p>\n<p class=\"read-more\"> <a class=\"\" href=\"https:\/\/neuropraxisfrechen.de\/\"> <span class=\"screen-reader-text\">Home<\/span> Weiterlesen &raquo;<\/a><\/p>\n","protected":false},"author":1,"featured_media":0,"parent":0,"menu_order":0,"comment_status":"closed","ping_status":"closed","template":"","meta":{"site-sidebar-layout":"default","site-content-layout":"default","ast-global-header-display":"","ast-banner-title-visibility":"","ast-main-header-display":"","ast-hfb-above-header-display":"","ast-hfb-below-header-display":"","ast-hfb-mobile-header-display":"","site-post-title":"disabled","ast-breadcrumbs-content":"","ast-featured-img":"","footer-sml-layout":"","theme-transparent-header-meta":"","adv-header-id-meta":"","stick-header-meta":"","header-above-stick-meta":"","header-main-stick-meta":"","header-below-stick-meta":"","footnotes":""},"class_list":["post-24","page","type-page","status-publish","hentry"],"_links":{"self":[{"href":"https:\/\/neuropraxisfrechen.de\/index.php\/wp-json\/wp\/v2\/pages\/24","targetHints":{"allow":["GET"]}}],"collection":[{"href":"https:\/\/neuropraxisfrechen.de\/index.php\/wp-json\/wp\/v2\/pages"}],"about":[{"href":"https:\/\/neuropraxisfrechen.de\/index.php\/wp-json\/wp\/v2\/types\/page"}],"author":[{"embeddable":true,"href":"https:\/\/neuropraxisfrechen.de\/index.php\/wp-json\/wp\/v2\/users\/1"}],"replies":[{"embeddable":true,"href":"https:\/\/neuropraxisfrechen.de\/index.php\/wp-json\/wp\/v2\/comments?post=24"}],"version-history":[{"count":52,"href":"https:\/\/neuropraxisfrechen.de\/index.php\/wp-json\/wp\/v2\/pages\/24\/revisions"}],"predecessor-version":[{"id":490,"href":"https:\/\/neuropraxisfrechen.de\/index.php\/wp-json\/wp\/v2\/pages\/24\/revisions\/490"}],"wp:attachment":[{"href":"https:\/\/neuropraxisfrechen.de\/index.php\/wp-json\/wp\/v2\/media?parent=24"}],"curies":[{"name":"wp","href":"https:\/\/api.w.org\/{rel}","templated":true}]}}

<div class="wp-block-columns is-layout-flex wp-container-core-columns-is-layout-28f84493 wp-block-columns-is-layout-flex">
<div class="wp-block-column is-layout-flow wp-block-column-is-layout-flow" style="border-right-width:2px;border-left-width:2px;padding-top:var(--wp--preset--spacing--20);padding-right:var(--wp--preset--spacing--20);padding-bottom:var(--wp--preset--spacing--20);padding-left:var(--wp--preset--spacing--20);flex-basis:70%">
<h2 class="wp-block-heading has-vivid-cyan-blue-color has-text-color"><strong>Nervenärztliche<br>Gemeinschaftspraxis</strong></h2>
</div>



<div class="wp-block-column is-layout-flow wp-block-column-is-layout-flow" style="flex-basis:30%">
<h2 class="wp-block-heading has-ast-global-color-3-color has-text-color"><br>Frechen</h2>
</div>
</div>


<p>


<p class="has-text-align-center has-vivid-red-color has-white-background-color has-text-color has-background has-link-color has-medium-font-size wp-elements-6265fdc9dc31b3a1da7bb049c3008e16" style="margin-top:0;margin-right:var(--wp--preset--spacing--50);margin-bottom:0;margin-left:var(--wp--preset--spacing--50)"><strong>Herzlich Willkommen auf der Homepage der nervenärztlichen Gemeinschaftspraxis Frechen</strong></p>



<div style="height:100px" aria-hidden="true" class="wp-block-spacer"></div>



<p></p>



<p class="has-black-color has-text-color has-link-color has-medium-font-size wp-elements-058bc26786cc9058fe708dfeb54aa856">Wir haben Ihnen auf unserer Website interessante und wichtige Informationen zusammengefasst, damit Sie sich ein Bild von unserer Praxis machen und sich vorab über unsere vielfältige Arbeit informieren können. <br></p>



<div style="height:100px" aria-hidden="true" class="wp-block-spacer"></div>



<p class="has-black-color has-text-color has-link-color has-medium-font-size wp-elements-f912017222056ded82d9aefd030a4313">Unser Ärzte-Team besteht aus Fachärzten für Neurologie, Psychiatrie und physikalische und rehabilitative Medizin im Großraum Frechen:<br></p>



<div class="wp-block-buttons is-content-justification-center is-layout-flex wp-container-core-buttons-is-layout-a89b3969 wp-block-buttons-is-layout-flex">
<div class="wp-block-button has-custom-width wp-block-button__width-50 is-style-outline is-style-outline--1"><a class="wp-block-button__link has-black-color has-vivid-cyan-blue-background-color has-text-color has-background has-link-color has-medium-font-size has-custom-font-size wp-element-button" href="https://neurologiefrechen.de/index.php/neurologie/" style="border-width:2px">Neurologie</a></div>
</div>



<p></p>



<div class="wp-block-buttons is-content-justification-center is-layout-flex wp-container-core-buttons-is-layout-a89b3969 wp-block-buttons-is-layout-flex">
<div class="wp-block-button has-custom-width wp-block-button__width-50 is-style-outline is-style-outline--2"><a class="wp-block-button__link has-black-color has-vivid-cyan-blue-background-color has-text-color has-background has-link-color wp-element-button" href="https://neurologiefrechen.de/index.php/psychiatrie/" style="border-width:2px">Psychiatrie</a></div>
</div>



<p></p>



<div class="wp-block-buttons is-content-justification-center is-layout-flex wp-container-core-buttons-is-layout-a89b3969 wp-block-buttons-is-layout-flex">
<div class="wp-block-button has-custom-width wp-block-button__width-50 is-style-outline is-style-outline--3"><a class="wp-block-button__link has-black-color has-vivid-cyan-blue-background-color has-text-color has-background has-link-color has-medium-font-size has-custom-font-size wp-element-button" href="https://neurologiefrechen.de/index.php/physikalische-und-rehabilitative-medizin/" style="border-width:2px">Physikalische und Rehabilitative Medizin</a></div>
</div>



<div style="height:100px" aria-hidden="true" class="wp-block-spacer"></div>



<hr class="wp-block-separator has-alpha-channel-opacity is-style-wide"/>



<div style="height:100px" aria-hidden="true" class="wp-block-spacer"></div>



<p class="has-medium-font-size"><strong>Adresse:</strong><br>Nervenärztliche Gemeinschaftspraxis Frechen<br>Blindgasse 8<br>50226 Frechen<br>Telefon: <a href="tel:+492234955830" data-type="tel" data-id="tel:+492234955830">02234 955830</a><br>Fax: 02234 955838</p>



<p><strong>KIM  Adresse (nur für Ärzte und Apotheker): neuropraxis50226@tm.kim.telematik</strong></p>



<div style="height:100px" aria-hidden="true" class="wp-block-spacer"></div>


		<div id="wpmapblock_c52b7a91" data-settings='{&quot;map_marker&quot;:[{&quot;lat&quot;:&quot;50.9092841&quot;,&quot;lng&quot;:&quot;6.800876416752578&quot;,&quot;title&quot;:&quot;Nerven\u00e4rztliche Gemeinschaftspraxis&quot;,&quot;content&quot;:&quot;&quot;,&quot;iconType&quot;:&quot;default&quot;,&quot;customIconUrl&quot;:&quot;&quot;,&quot;customIconWidth&quot;:&quot;25&quot;,&quot;customIconHeight&quot;:&quot;40&quot;}],&quot;map_zoom&quot;:10,&quot;scroll_wheel_zoom&quot;:false,&quot;map_type&quot;:&quot;GM&quot;,&quot;center_index&quot;:0}' class="wpmapblockrender" style="
			width: 100%;
			height: 500px;
		"></div>
        


<p></p>



<div style="height:100px" aria-hidden="true" class="wp-block-spacer"></div>



<p><br>Sollten Sie ein Rezept benötigen oder möchten Sie ein Termin vereinbaren/absagen, können Sie uns gerne über <a href="https://arzt.medflex.de/kontakt/neurologie-psychiatrie/frechen/nervenaerztliche-gemeinschaftspraxis-frechen/9yb5so" target="_blank" rel="noreferrer noopener">https://arzt.medflex.de/kontakt/neurologie-psychiatrie/frechen/nervenaerztliche-gemeinschaftspraxis-frechen/9yb5so</a> eine Anfrage schicken.<br><em><strong>Bitte beachten Sie, dass die Ausstellung eines Rezeptes nur erfolgen kann, wenn bereits im laufenden Quartal<br>die Versichertenkarte bei uns in der Praxis eingelesen wurde.</strong></em><br></p>

<p>NervenärztlicheGemeinschaftspraxis Frechen Herzlich Willkommen auf der Homepage der nervenärztlichen Gemeinschaftspraxis Frechen Wir haben Ihnen auf unserer Website interessante und wichtige Informationen zusammengefasst, damit Sie sich ein Bild von unserer Praxis machen und sich vorab über unsere vielfältige Arbeit informieren können. Unser Ärzte-Team besteht aus Fachärzten für Neurologie, Psychiatrie und physikalische und rehabilitative Medizin im Großraum &hellip;</p>
<p class="read-more"> <a class="" href="https://neuropraxisfrechen.de/"> <span class="screen-reader-text">Home</span> Weiterlesen &raquo;</a></p>
