{"id":55,"date":"2023-06-12T10:52:24","date_gmt":"2023-06-12T10:52:24","guid":{"rendered":"https:\/\/neurologiefrechen.de\/?page_id=55"},"modified":"2024-04-15T09:08:18","modified_gmt":"2024-04-15T09:08:18","slug":"impressum","status":"publish","type":"page","link":"https:\/\/neuropraxisfrechen.de\/index.php\/impressum\/","title":{"rendered":"Impressum"},"content":{"rendered":"\n<p>Angaben gem\u00e4\u00df \u00a75 Telemediengesetz<br>Die nerven\u00e4rztliche Gemeinschaftspraxis Frechen ist eine \u00f6rtliche Berufsaus\u00fcbungsgemeinschaft f\u00fcr Neurologie, Psychiatrie, Psychotherapie, physikalische und rehabilitative Medizin.<br>Diensteanbieter und verantwortlich f\u00fcr den Inhalt der Seite:<br>Nerven\u00e4rztliche Gemeinschaftspraxis Frechen<br>Dr. med. Karl L. A\u00dfmann<br>Facharzt f\u00fcr Neurologie und Psychiatrie &#8211; Psychotherapie<br>Praxisanschrift: Blindgasse 8, 50226 Frechen<\/p>\n\n\n\n<p>Telefon: 02234 \u2013 955830<br>Fax: 02234 \u2013 955838<br>Email-Adresse: info@neurologiefrechen.de<br>Berufsbezeichnung:<\/p>\n\n\n\n<p>Die auf dieser Webseite aufgef\u00fchrten \u00c4rztinnen und \u00c4rzte tragen diese Berufsbezeichnung verliehen oder anerkannt in der Bundesrepublik Deutschland.<br>Dr. med. Karl L. A\u00dfmann:<br>Facharzt f\u00fcr Neurologie und Psychiatrie- Psychotherapie<br>Zoe Calkanis:<br>Fach\u00e4rztin f\u00fcr Psychiatrie &#8211; Psychotherapie<br>Fach\u00e4rztin f\u00fcr Psychosomatische Medizin<br>Dr. med. Pegah Meisser:<br>Fach\u00e4rztin f\u00fcr Psychiatrie und Psychotherapie<br>Mitkov Mitev:<br>Facharzt f\u00fcr physikalische und rehabilitative Medizin<br>Dr. med. Andrea Muhs:<br>Fach\u00e4rztin f\u00fcr Neurologie<br>Fach\u00e4rztin f\u00fcr Intensivmedizin<br>Alexander Heinbach:<br>Facharzt f\u00fcr Neurologie<\/p>\n\n\n\n<p>Zust\u00e4ndige Aufsichtsbeh\u00f6rde:<br>Kassen\u00e4rztliche Vereinigung Nordrhein<br>Tersteegenstra\u00dfe 9<br>40474 D\u00fcsseldorf<\/p>\n\n\n\n<p>Tel.: 0211-59700<br>https:\/\/www.kvno.de<br>Zust\u00e4ndige Landes\u00e4rztekammer:<br>\u00c4rztekammer Nordrhein<br>Tersteegenstra\u00dfe 9<br>40474 D\u00fcsseldorf<\/p>\n\n\n\n<p>Telefonnummer: 0211-43020<br>https:\/\/www.aekno.de\/<br>Zust\u00e4ndige Kassen\u00e4rztliche Vereinigung:<br>Kassen\u00e4rztliche Vereinigung Nordrhein<br>Tersteegenstra\u00dfe 9<br>40474 D\u00fcsseldorf<\/p>\n\n\n\n<p>Tel.: 0211-59700<br>https:\/\/www.kvno.de<\/p>\n\n\n\n<p>Geltende Berufsordnung und Heilberufs-\/Kammergesetz des Bundeslandes:<br>Berufsordnung der der zust\u00e4ndigen Aufsichtsbeh\u00f6rde \u00c4rztekammer Nordrhein<br>Die berufsrechtlichen Regelungen k\u00f6nnen Sie hier einsehen<br>(https:\/\/www.aekno.de\/aerzte\/berufsordnung)<br>Heilberufsgesetz der zust\u00e4ndigen Aufsichtsbeh\u00f6rde \u00c4rztekammer Nordrhein<br>(https:\/\/www.aekno.de\/aerzte\/gesetze-verordnungen\/heilberufsgesetz-nrw)<\/p>\n","protected":false},"excerpt":{"rendered":"<p>Angaben gem\u00e4\u00df \u00a75 TelemediengesetzDie nerven\u00e4rztliche Gemeinschaftspraxis Frechen ist eine \u00f6rtliche Berufsaus\u00fcbungsgemeinschaft f\u00fcr Neurologie, Psychiatrie, Psychotherapie, physikalische und rehabilitative Medizin.Diensteanbieter und verantwortlich f\u00fcr den Inhalt der Seite:Nerven\u00e4rztliche Gemeinschaftspraxis FrechenDr. med. Karl L. A\u00dfmannFacharzt f\u00fcr Neurologie und Psychiatrie &#8211; PsychotherapiePraxisanschrift: Blindgasse 8, 50226 Frechen Telefon: 02234 \u2013 955830Fax: 02234 \u2013 955838Email-Adresse: info@neurologiefrechen.deBerufsbezeichnung: Die auf dieser Webseite aufgef\u00fchrten &hellip;<\/p>\n<p class=\"read-more\"> <a class=\"\" href=\"https:\/\/neuropraxisfrechen.de\/index.php\/impressum\/\"> <span class=\"screen-reader-text\">Impressum<\/span> Weiterlesen &raquo;<\/a><\/p>\n","protected":false},"author":1,"featured_media":0,"parent":0,"menu_order":5,"comment_status":"closed","ping_status":"closed","template":"","meta":{"site-sidebar-layout":"default","site-content-layout":"default","ast-global-header-display":"","ast-banner-title-visibility":"","ast-main-header-display":"","ast-hfb-above-header-display":"","ast-hfb-below-header-display":"","ast-hfb-mobile-header-display":"","site-post-title":"","ast-breadcrumbs-content":"","ast-featured-img":"","footer-sml-layout":"","theme-transparent-header-meta":"","adv-header-id-meta":"","stick-header-meta":"","header-above-stick-meta":"","header-main-stick-meta":"","header-below-stick-meta":"","footnotes":""},"class_list":["post-55","page","type-page","status-publish","hentry"],"_links":{"self":[{"href":"https:\/\/neuropraxisfrechen.de\/index.php\/wp-json\/wp\/v2\/pages\/55","targetHints":{"allow":["GET"]}}],"collection":[{"href":"https:\/\/neuropraxisfrechen.de\/index.php\/wp-json\/wp\/v2\/pages"}],"about":[{"href":"https:\/\/neuropraxisfrechen.de\/index.php\/wp-json\/wp\/v2\/types\/page"}],"author":[{"embeddable":true,"href":"https:\/\/neuropraxisfrechen.de\/index.php\/wp-json\/wp\/v2\/users\/1"}],"replies":[{"embeddable":true,"href":"https:\/\/neuropraxisfrechen.de\/index.php\/wp-json\/wp\/v2\/comments?post=55"}],"version-history":[{"count":2,"href":"https:\/\/neuropraxisfrechen.de\/index.php\/wp-json\/wp\/v2\/pages\/55\/revisions"}],"predecessor-version":[{"id":59,"href":"https:\/\/neuropraxisfrechen.de\/index.php\/wp-json\/wp\/v2\/pages\/55\/revisions\/59"}],"wp:attachment":[{"href":"https:\/\/neuropraxisfrechen.de\/index.php\/wp-json\/wp\/v2\/media?parent=55"}],"curies":[{"name":"wp","href":"https:\/\/api.w.org\/{rel}","templated":true}]}}